3*b - 33 = -r. What is the units digit of b?
1
Let q(k) = -k**3 - 4*k**2 - 2*k - 2. What is the units digit of q(-4)?
6
Let z(w) = w**2 + 4*w - 9. Let v be z(-6). Suppose -2*m = m - 9. Suppose 11 = -o + m*y, 7*o + y = v*o + 21. What is the units digit of o?
4
Let h(m) = -m**2 - 14*m - 8. Let f be h(-6). Let r = f - 27. What is the tens digit of r?
1
Suppose 2*h + 10 = -4*z, 3*z + 11 = 3*h - 1. Suppose 0*w = 2*y + w - 10, -5 = -3*y + w. Suppose -11 = -y*s + h. What is the units digit of s?
4
Let u(b) = 15*b**2 - 10*b + 12. What is the units digit of u(-5)?
7
Let d = -27 + 42. Suppose y = d + 3. Suppose -5*s = -2 - y. What is the units digit of s?
4
Let w(p) = 5*p**2 - 1. Let z be w(-1). What is the units digit of 138/9 - z/(-6)?
6
What is the tens digit of 6/2 - 41/(-1)?
4
Suppose 58 = -4*m - 10. Let l = m - -29. What is the tens digit of l?
1
Let n(s) = -31*s - 5. Let t(d) = 16*d + 3. Let x(b) = -3*n(b) - 5*t(b). What is the units digit of x(2)?
6
Suppose 3*u - 13 = -5*j - 6, 4*u + 6 = j. Let a be 6/(-4)*u*8. Suppose -3*y = 12, -a = -4*c - y - 2*y. What is the units digit of c?
6
Let w = -271 + 496. What is the hundreds digit of w?
2
Let a(s) = s + 5. Let r be a(7). Let i = 18 - r. What is the units digit of i?
6
Suppose s - 17 = p - 4*s, -4*p - 3*s = -1. Let k(j) = 2*j**2 + 2*j. Let m be k(p). Suppose 4*n = m + 16. What is the units digit of n?
5
Let u(m) = -m**3 + 8*m**2 - 6*m - 2. Let w be u(5). Let g = 65 - w. Suppose 3*o - 38 = -5*r, -3*r + g = -o - 12. What is the units digit of r?
0
What is the units digit of (3/(-3))/((-3)/6)?
2
Let g = 0 - 0. Let l be -3*(-20)/3 - g. Suppose -4*v + 32 = 3*n - 3, -5*n + l = -v. What is the units digit of n?
5
Suppose -c - 4 - 38 = -5*x, 2*x - 26 = 5*c. Suppose -4*f = -9*f. Suppose -4*t = -x - f. What is the units digit of t?
2
Suppose 3 + 82 = f. What is the units digit of f?
5
Let p(q) = -42*q + 35. Let n(c) = -c + 1. Let s(d) = -35*n(d) + p(d). What is the units digit of s(-1)?
7
Let k(q) = -9*q - 3 - 3*q + 7*q. What is the tens digit of k(-3)?
1
Let b = -87 + 263. What is the units digit of b?
6
Let t be 10*(3 - 2/(-10)). Suppose c - t = 3*c. Let d = c + 22. What is the units digit of d?
6
Let i = -99 - -225. What is the tens digit of i?
2
Suppose 4*d - 3*u - 316 = 0, 3*d + 0*u - 237 = -2*u. What is the units digit of (-6)/21 - d/(-7)?
1
What is the units digit of (32/40)/(6/465)?
2
Suppose -y + 295 = 3*k - 32, 4*k + 2*y = 436. What is the hundreds digit of k?
1
Let j be -1 - (-2 - 0)/(-1). Let a be 14/j*2*-3. Suppose -y - a = -3*y. What is the tens digit of y?
1
Let l(j) = -j**2 + 10*j + 3. Let v(m) = -m**2 - 6*m. Let c be v(-6). Suppose c = -i - 4*i + 50. What is the units digit of l(i)?
3
Let m be 1 - -3 - (-165)/(-3). Let z = -2 - m. What is the tens digit of z?
4
Let h be (4 - 3)*1 + 17. Suppose 2*z - 12 = -4*a, -3*z - h = -2*a - a. What is the tens digit of -38*1/z - 3?
1
Let r(k) = 15*k**2 - 2*k + 5. What is the tens digit of r(3)?
3
Suppose -x = -4*r + 242, -x + 6*x = -5*r + 290. Suppose 0 = -0*l + 4*l - r. What is the units digit of l?
5
Let d(p) = -p**3 - p**2 - 2*p - 8. Let j be d(-6). Suppose 14*h = 18*h - j. What is the units digit of h?
6
What is the units digit of 3*(-3 - (78/(-1))/3)?
9
Let s = 25 - 13. What is the units digit of s?
2
Suppose u - 53 = 17. What is the tens digit of u?
7
Let t(v) = v**2 - 2*v + 9. What is the units digit of t(0)?
9
Let a be (-4)/6 - (-70)/15. Suppose 32 = -a*s - 0*s. What is the units digit of (-18)/(-8) - (-2)/s?
2
Suppose 3*w = -w + 16. Let p(s) = -1 + 10*s + 7*s - w*s + 0. What is the tens digit of p(1)?
1
What is the units digit of -1 - (3 - 44) - -2?
2
Let f be (-3)/(-12) - (-94)/8. Let p(w) = w**3 - 3*w**2 - w + 3. Let o be p(3). Suppose z + o = f. What is the units digit of z?
2
Let g = 15 + -9. Let o = 8 - g. What is the units digit of o?
2
Let h(x) be the third derivative of x**4/24 - 2*x**3/3 + x**2. Let g be h(7). Suppose 0*v = g*v - 15. What is the units digit of v?
5
Suppose -u + 4 = u. Let n(j) = -j**2 + j - 1. Let c be n(u). Let x = 4 + c. What is the units digit of x?
1
Let i(j) = j**3 - 9*j**2 + 4. Let w be i(9). Let v(p) = -p**2 + 6*p. What is the units digit of v(w)?
8
Suppose 8*i + 22 = -4*d + 3*i, 2*i + 4 = 0. Suppose 5*n - 10*n = 55. Let l = d - n. What is the units digit of l?
8
Suppose -5*j + 39 = -71. What is the units digit of j?
2
Suppose 18 + 12 = 3*z. Suppose 58 = 4*s - z. What is the units digit of s?
7
Let j(s) = s**2 + 7 - s**3 + 0*s**2 - s + 4*s**2. Let b be j(5). Suppose 0 = z + b - 4. What is the units digit of z?
2
Suppose 4*w + 11 = -z, 3 = z + w - 1. What is the units digit of z?
9
Let r = 13 - -3. Let y = r - 10. What is the units digit of y?
6
Suppose 2*m - 3*x = 37, -4*x + 35 = m + 11. What is the units digit of m?
0
Suppose 48 = 3*u - 6*u. What is the units digit of u/(-20)*195/6?
6
Let v(m) = m**3 - m**2 - 3*m - 4. Let o(w) = w**3 - 3*w**2 - 2*w - 5. Let z(r) = r**3 - 3*r + 2. Let f be z(2). Let x be o(f). What is the units digit of v(x)?
5
Suppose -4*i - 244 - 148 = -2*g, 4*g - 5*i = 775. What is the tens digit of g?
9
Let w(s) be the first derivative of -4 + 6*s + 1/2*s**2 - 1/3*s**3 + 1/4*s**4. What is the units digit of w(0)?
6
What is the hundreds digit of (-57120)/(-175) - (-6)/10?
3
Suppose 2*q = 3*g - 9 + 59, -4*g - 2*q = 62. Let f be 5/2*g/(-20). Suppose -12 = -f*x + 2. What is the units digit of x?
7
Suppose 3*y + 2*k + 53 = 0, -5*k - 9 = -4*y + 5*y. Let b = -29 + -8. Let h = y - b. What is the units digit of h?
8
Let g = -4 - -4. Let a(u) = u**2 - u + 9. What is the units digit of a(g)?
9
Let k = 90 + -52. What is the units digit of k?
8
Suppose -303 = -6*j + 3*j. What is the tens digit of j?
0
Let w = -150 - -320. What is the units digit of w?
0
Let s = -3 + 70. What is the tens digit of s?
6
Suppose -6*i + 9*i - 177 = 0. Suppose -5*o - 4 = -i. What is the tens digit of o?
1
Let x(o) = o - 5. Let u be x(6). Let y = 8 - u. Let m = y - 1. What is the units digit of m?
6
Let w be 75/10*(-8)/(-10). Let p = -1 + w. Let q = p + -3. What is the units digit of q?
2
Let t(j) be the second derivative of -j**5/20 + j**4/3 - j**3/2 + 3*j**2/2 - j. Let n be t(3). Suppose -n*g + 5 = -4. What is the units digit of g?
3
Let j = 106 - 65. Suppose j = -5*m - 9. Let s = m + 17. What is the units digit of s?
7
Let h = 124 + 36. Suppose 4*d + d = h. What is the tens digit of d?
3
Suppose -g - g - 4 = 0. Let l be -4 + 2 + (-4)/g. Suppose 5*v - 59 + 19 = l. What is the units digit of v?
8
Let w(z) = -4*z**2 + 4*z + 10. Let f(y) = y**2 + y - 1. Let p(i) = 3*f(i) + w(i). What is the units digit of p(5)?
7
What is the tens digit of 0 + (16/4 - -59)?
6
Suppose y - 4*y + 741 = q, -4*y - 2*q + 990 = 0. What is the units digit of y?
6
Let g be 1/(-2) - 4/(-8). What is the units digit of (-2)/(6/(-21) - g)?
7
Let v(r) = -r**3 + 6*r**2 + 7*r - 2. Let p be v(7). Let a(l) = 3*l + 2. Let t be a(p). What is the units digit of (-3)/t*(12 - 0)?
9
Let y(q) = -2*q + q + 3*q - 8*q**3 + 1. What is the units digit of y(-1)?
7
Let g = 22 - -70. What is the tens digit of g?
9
Let p(m) = -m + 29. Let k = -15 - -15. What is the units digit of p(k)?
9
Let g(x) = x**2 - 2*x - 12. Let s be g(9). Suppose s = 2*v - 5. What is the tens digit of v?
2
Suppose 117 = 3*d + r, 0*r - 25 = -d - 5*r. What is the units digit of d?
0
Suppose 2*n - 4*r - 64 = 0, 5*n - 145 = 5*r - 0*r. Suppose 4*h - n = -q - 2*q, 4*q + 17 = 5*h. What is the units digit of q?
2
Let r(b) = 2*b - 12. Suppose 0 = -2*c + 80 - 14. Suppose 0 = 3*g + 6 - c. What is the units digit of r(g)?
6
Let f = -6 + 4. Let q = 2 + f. Suppose 6*u = -3*a + 2*u + 60, u - 3 = q. What is the units digit of a?
6
Let n be (6/(-2))/((-3)/4). Let x(w) = 2*w**3 - 1. Let f be x(-1). Let k = n + f. What is the units digit of k?
1
Suppose 13 + 2 = 5*a. Let s be 3/(-2)*2/a. What is the units digit of ((-6)/(-24))/(s/(-4))?
1
Suppose -2*x - 16 = 2*k - 0*k, 5*k - 3*x + 64 = 0. Let c(t) = -t**2 - 10*t + 13. What is the units digit of c(k)?
2
Let x(s) = 5*s**3 - 2*s**2 - s - 8. What is the units digit of x(3)?
6
What is the units digit of 18/4 + 3/(-6)?
4
Let p(d) = -d - 3. Let h be p(-5). Suppose -3*f + 4*b + 33 = 0, h*b - b = 0. What is the units digit of f?
1
Suppose -2*k - 4*q = q + 122, 244 = -4*k + 4*q. L